8 - (3 - (3 - 3)).
-24
What is 2 + -46 - (-11 + (5 - (27 - 22)))?
-33
What is the value of (-19 - 2 - -36) + 40 + -7?
48
What is (4 - (12 + (-19 - (-14 - -3)))) + 34?
34
What is 6 + (-1 - 15) + 0 + (3 - (-6 - 49))?
48
What is (337 - 172) + -142 - (-22 + 1)?
44
-91 - (-75 + 93 + -63)
-46
Evaluate -3 + -2 + -3 + (12 - -49 - 6).
47
-2916 - -2940 - (-3 + (-4 - -3 - -3))
25
What is the value of -51 + (19 - (-10 + 57))?
-79
-21 + (-33 - -37) + 1 + -8
-24
What is the value of -6 + ((14 + -29 - 12) + -1 + 9 - -10)?
-15
Calculate 23 + (0 + -33 - (397 - 415)) - (8 + 1).
-1
Calculate 8 - (-21 - 3) - (241 + -163).
-46
21 + 9 + -1 + (4 - (-3 - -14))
22
1 - ((1 - 1) + (-2 - 0)) - (5487 - 5440)
-44
Evaluate -3 - (-39 + (-3 - (-9 + -10))).
20
What is the value of 4 + -1 + 1 - (-1 - (31 - 54))?
-18
What is the value of -2 + -40 + (9 - -2 - 0)?
-31
31 - ((-13 - (-12 + -22)) + 41)
-31
Calculate (-7 - 74 - 4) + 28 + -58 + 37.
-78
(36 - (50 + -29) - (127 + (-2 - 1))) + -5
-114
Evaluate -33 - (57 + -41) - -44.
-5
What is -7 + (9 - 11) - 6 - -12 - -11 - 75?
-67
Evaluate (8 - (14 + -19 + 14)) + (-51 - -132).
80
What is 4 + (0 - (2 + 0)) + -729 + 805?
78
What is the value of (-26 + 13 - -3) + -4 + 3 + 46?
35
Evaluate (1 - -6) + (-2 + (-21 - -7) - 47).
-56
What is (-7 - (2 + -21)) + (-9 - 4) + 26?
25
-46 - (15 + 9 - 22) - (-4 - (-17 - -2))
-59
Evaluate 4 + -4 + 5 + -7 + -38 + (99 - 101).
-42
-42 - ((-8 - (-8 + 1 + -27 + 31)) + 7)
-44
Evaluate 34 + -21 + 94 + -48.
59
Evaluate ((37 - 25) + -29 - -5 - (-2 + 0)) + 11.
1
What is the value of -2 - 1 - (89 + (-45 - 58))?
11
What is 23 + (49 - (12 + 11) - 34)?
15
Calculate 51 - (-7 + 32 - -10).
16
What is 113 - (21 + (94 - 97))?
95
What is the value of -2970 + 2946 + (-1 - 8)?
-33
-45 - (-82 + 33 + 85)
-81
44 - 8 - (-2 + (-2 - -1) + 7 + -1)
33
What is the value of 14 + (-13 - (-23 + 46)) + 14?
-8
52 - (-32 + 59 - 0)
25
What is -3 + (333 - 330) + (-22 - 2)?
-24
What is 32 + -155 - (-47 + -10)?
-66
Evaluate (0 - -3) + -3 + 16 + (7 - (-5 + -66)).
94
What is the value of -2 + 3 + 12 + 7 - (20 + 80)?
-80
Calculate 15 - 8 - -19 - (-4 + 25).
5
Evaluate -3 + (-11 - -2) - (-9 + 0 - 25).
22
Calculate -22 - (14 - 32 - 18 - -10).
4
Evaluate 114 - 88 - (12 - 1 - (7 - 3)).
19
Calculate 2 + 119 + (142 - 152) - 27.
84
What is the value of 2 - (-4 - (-10 - (-12 - 0) - 10))?
-2
Calculate 6 - (-7 + -1 + -1 + -27 + (-28 - 14)).
84
What is 8 + (-17 - -38 - 27) + (1 - 60)?
-57
Calculate (-12 - -11) + -3 + 16 - (114 + -120).
18
Evaluate 5846 - 5825 - ((0 - -1) + 39).
-19
Calculate 50 - ((-4 - -33) + -8).
29
0 + (-13 - -1) + 109 + (28 - 73)
52
What is the value of 14 - (14 + (-12 - -17) + 13 + -7)?
-11
Calculate -45 - (-1 + 2) - (48 + -98 + 36).
-32
(1 - 118) + 175 + -51
7
11 + (2 + 8 - (-66 - -3) - (22 + -23))
85
Calculate 4 - (4 - 8) - 39 - (-2 - 10).
-19
What is the value of -3 + (-4 - 59) + -3 - (-28 + 17 + 7)?
-65
Calculate -107 - (-38 + -5 + -181 + 217).
-100
Evaluate -1685 + 1677 + 1 + -30.
-37
Evaluate 1 + 15 + 4 + 426 + -434 + -12.
0
What is -4 + -38 - 0 - (-14 + -25 + 29)?
-32
Evaluate (0 - 21) + (2 - (19 - -2 - 29)).
-11
(-17 - (-40 - -75 - 14)) + 105
67
What is the value of -1305 + 1289 - (0 + -59)?
43
-21 - (97 - (242 + -50))
74
What is 89 + (-66 - (32 + -112))?
103
What is -39 - (3 - (99 - 0))?
57
Evaluate -7 - (-29 - (-141 - -67)).
-52
Calculate (-18 - -8) + 6 + -2 + (9 - (25 + -11)).
-11
What is 51 - (17 - (-20 + -15 + (-2 - -40)))?
37
Calculate (1883 - 1913 - (-51 + 0)) + (-4 - 1).
16
Calculate 8 - (-10 + 0 - (-103 - -101) - (8 + -6)).
18
-116 - (-30 - 26) - -20
-40
Calculate (-19 - -15) + (-28 - -14) + 16 - (-6 + 1).
3
Calculate -990 + 955 + (-51 - 2).
-88
Evaluate 35 - (96 + -37 + -15).
-9
Calculate 0 + 92 + (-34511 + 34529 - ((2 - 1) + 8)).
101
What is 11 - (-456 + 468 - (-17 + -2))?
-20
Calculate 6 + -23 + -4 + (40 - 30) - -12 - 31.
-30
What is (14035 - 14050) + (-10 - ((2 - 0) + -2))?
-25
Evaluate -43 - -137 - 123 - (-6 - 1).
-22
What is -18 + (136 - 141) + (1 - -24)?
2
26 + 15 + 15 + 1 + -7
50
Evaluate 42 - (-37 + 59 + -16) - -9.
45
What is the value of -121 + 13 + 10 + 21 + -37?
-114
What is (-12 + 8 - (1 - -16)) + -15?
-36
(-4 + 3 + 6 - (-43 + 47)) + (-48 - 0)
-47
Calculate (-20 - (15 + -3)) + 33 + -63.
-62
92 + 30 + (24 - 108)
38
Evaluate (14 - -43 - 23) + (4 - 2).
36
What is -15 + (7 - -12) + (35 - 5)?
34
What is 67 - 82 - (0 - 28) - (81 + -1)?
-67
-74 - (-23 + 23 + -9)
-65
What is the value of (42 - (25 + (17 - 17))) + 29?
46
Calculate -28 - (39 + -27) - -32.
-8
21 + -1 + 3 - ((-50 - 71) + 118)
26
Calculate 2 - ((11 + 0 - 4) + -3 - (37 + -35)).
0
-25 + (-13 - (13 - 17)) + 6 + (4 - -2)
-22
Calculate (2 + 15 - (37 + (46 - 61))) + (1 - 11).
-15
Calculate (6 - 16) + (162 + -147 - (-1 - -6)) + -79.
-79
What is the value of -84 - (115 + -33 + -198)?
32
What is (19 + 0 - (-116 - -137)) + (-1 - 70 - 1)?
-74
122 + -2 - (-37 + 98 - (87 - 21))
125
Calculate (14 - (-12 - -46)) + 46.
26
7 + (1 - (-4 - -1)) + -2 + 16 + -76
-51
Evaluate -1 + 87 + -39 + -17.
30
Evaluate 37 + -13 + (-38 - (21 - -15)).
-50
Evaluate -3305 + 3354 - (-50 - 2).
101
Evaluate 1103 - 1124 - (-3 + -58).
40
What is 34 - ((-62 - -42 - 19) + -63)?
136
What is the value of (292 - 770) + 487 - (-31 + 0 - (-1 - -1))?
40
Calculate -75 + (59 + 12 - 30) - -85.
51
(-38 + 13 - -3) + (-1 - -1) - (-18 + 16)
-20
-42 - (13 + (-63 - 9))
17
-45 + -15 + (159 - 123)
-24
What is -9832 + 9823 + 0 + -1 + -61?
-71
(17 - (54 - 19)) + 46
28
What is the value of 7 - 3 - (-12 - 25 - 34 - 20)?
95
What is the value of -22 + 25 + -34 + 29 + -18 - (1 - 15)?
-6
Evaluate -25 + 4 + 8 + -29 + 25 + 85.
68
(70 + (-94 - -37) - (11 - (-2 + 2))) + -121
-119
What is the value of -40 + -1 + (-36 + 56 - (15 - 3))?
-33
Calculate -1 + -112 + -13 + (21 - (2 + 11)) + 4.
-114
What is (28 - (-32 - -48)) + (40 - 2) + 13?
63
What is the value of -107 + 38 + -49 + 68?
-50
Evaluate 9 - (-6 - (39 + -21)).
33
(-191 - -165) + 8 + 10 + -7
-15
Evaluate -12 + (57 - 47 - (127 + 13)).
-142
(-242 - -118) + 2 + 0 + 7 + (9 - 17)
-123
-41 + (-21 - -63) - (1 + -32 - -2)
30
Evaluate -58 - (42 + -29 + -89).
18
What is (-13 - (-6 + 11) - -15) + -42?
-45
Calculate (-5 - (-17 - 0)) + (105 - 108).
9
What is -46 + 5 + 46 + -14?
-9
What is the value of -4 + -11 + (-16 - -18 - -50)?
37
Evaluate 19 - (110 - 136 - ((-5 - -10) + 7)).
57
What is (-74 - -63) + (3 - -3) + -5 - -13?
3
Calculate -15 + 5 - (23 + -7 + -32).
6
What is 8 + (1 - -5 - (25 + -14)) - (-133 + 114)?
22
(112 + -75 - 71) + (61 - 4)
23
Evaluate -5 - (3 + 3 + -98) - (-14 + 41 + -16).
76
Calculate 4 + -8 + 2 + 3 + (73 - 67) - 28.
-21
2 + 2 + (-7 - -8 - 6) + -57 + -5
-63
Evaluate -29 + -68 + 15 + 41 + -5.
-46
Evaluate (27 + 31 - -14) + -39.
33
Calculate -145 + 154 + -21 - (0 - 29).
17
-1 + -13 - ((7 - 37) + -6)
22
What is the value of (0 - (10 - 7)) + 17 + (-30 - 30)?
-46
What is the value of -59 + (84 - (-5 - -76))?
-46
What is the value of (26 - 5 - 10) + (-6 - (4 - -13) - -5)?
-7
Evaluate -33 - (-142 + 25 + -3 + -21).
108
Evaluate 34 + 89 + -147 + -58 - (-1 + -18).
-63
-24 + -1 - ((28 - 20) + -21) - 10
-22
What is (1 - (-23 + (-15 - -9))) + -20?
10
Evaluate 105 + -1 + -1 + (-84 + 104 - 36).
87
Calculate 0 + 0 + 100 + -1 - (0 + -18 + 16).
101
Evaluate (-5 - (-19 + 40)) + (0 - 5 - (-5 + 1)).
-27
What is 0 - 40 - (-71 + (0 - (-80 + 27)))?
-22
Evaluate (0 - -82) + (-26 - (3 + -8) - -8).
69
What is (59 + -47 - 11) + 8?
9
Calculate (84 + -4 - 3) + 13 + -8 + -104 + 100.
78
What is (-130 - (-404 + 147)) + -47?
80
What is (27 - -44) + -36 + 58 + -36?
57
What is the value of 1378 - 1441 - (1 - 17)?
-47
-83 + 53 + (0 - 0 - (6 + (-3 - 2)))
-31
-42 - (3 + (2 - 6)) - (-63 + 43)
-21
Evaluate 2 - ((1 + 40 - -1) + (35 - (80 + -54))).
-49
Calculate -5 - (84 - 31 - ((-3 - (-6 - -1)) + 3)).
-53
Calculate 24 + -92 - (12 + -5 + -7 + 4 + -17).
-55
What is 5 - (-19 - (-53 - (-8 + -11)))?
-10
Evaluate (-11 - -52) + -55 - (16 - 0).
-30
What is 9 - 138 - (-374 + 243)?
2
What is (15 - -2) + -40 + -13 + 44 + 1?
9
(23 - -2) + (2703 - 2703)
25
What is 2504 + -2517 + 15 + 1?
3
What is the value of -19 - (-18 + -11 + 46 - 22)?
-14
What is the value of (57 - -6 - 24) + -15 + 5?
29
What is -81 + (30 - 51) - -25?
-77
What is the value of 56 + -32 - (-20 + (4 - -7))?
33
What is the value of (60 - 51) + 1 + 